{"id":2,"date":"2014-03-12T11:23:23","date_gmt":"2014-03-12T09:23:23","guid":{"rendered":"http:\/\/test.schwimmbadtechnikwitte.de\/?page_id=2"},"modified":"2021-03-23T14:26:23","modified_gmt":"2021-03-23T12:26:23","slug":"beispiel-seite","status":"publish","type":"page","link":"https:\/\/test.schwimmbadtechnikwitte.de\/","title":{"rendered":"Schwimmbadtechnik"},"content":{"rendered":"<p>[et_pb_section admin_label=&#8220;section&#8220;]<br \/>\n\t\t\t[et_pb_row admin_label=&#8220;row&#8220;]<br \/>\n\t\t\t\t[et_pb_column type=&#8220;4_4&#8243;][et_pb_text admin_label=&#8220;Text&#8220;]Willkommen bei Schwimmbadtechnik Witte, der Fachhandel f\u00fcr Schwimmbad, Sauna, Teichfolie, sowie Pflegemittel und Zubeh\u00f6re im\u00a0<strong><em>Wendland.<\/em><\/strong><\/p>\n<p><img decoding=\"async\" loading=\"lazy\" alt=\"\" src=\"http:\/\/web.archive.org\/web\/20120415091808im_\/http:\/\/www.schwimmbadtechnikwitte.de\/img\/content\/home_bild1.jpg\" width=\"224\" height=\"168\" align=\"left\" border=\"0\" hspace=\"2\" \/>Seit \u00fcber 50 Jahren sind wir der faire Partner f\u00fcr Wellness- und Freizeiteinrichtungen in Ihrem Hause oder Garten.<\/p>\n<p>Sie tr\u00e4umen von einem Swimmingpool, einem Whirlpool, einer Sauna, einem Dampfbad oder einem zauberhaft angelegtem Garten- oder Schwimmteich, wir als Ihr kompetenter Partner mit Know-How und Flexibelit\u00e4t lassen Tr\u00e4ume wahr werden.[\/et_pb_text][\/et_pb_column]<br \/>\n\t\t\t[\/et_pb_row]<br \/>\n\t\t[\/et_pb_section]<\/p>\n","protected":false},"excerpt":{"rendered":"<p>Willkommen bei Schwimmbadtechnik Witte, der Fachhandel f\u00fcr Schwimmbad, Sauna, Teichfolie, sowie Pflegemittel und Zubeh\u00f6re im\u00a0Wendland. Seit \u00fcber 50 Jahren sind wir der faire Partner f\u00fcr Wellness- und Freizeiteinrichtungen in Ihrem Hause oder Garten. Sie tr\u00e4umen von einem Swimmingpool, einem Whirlpool, einer Sauna, einem Dampfbad oder einem zauberhaft angelegtem Garten- oder Schwimmteich, wir als Ihr kompetenter [&hellip;]<\/p>\n","protected":false},"author":1,"featured_media":0,"parent":0,"menu_order":1,"comment_status":"open","ping_status":"closed","template":"","meta":{"_et_pb_use_builder":"on","_et_pb_old_content":"Willkommen bei Schwimmbadtechnik Witte, der Fachhandel f\u00fcr Schwimmbad, Sauna, Teichfolie, sowie Pflegemittel und Zubeh\u00f6re im\u00a0<strong><em>Wendland.<\/em><\/strong>\r\n\r\n<img alt=\"\" src=\"http:\/\/web.archive.org\/web\/20120415091808im_\/http:\/\/www.schwimmbadtechnikwitte.de\/img\/content\/home_bild1.jpg\" width=\"224\" height=\"168\" align=\"left\" border=\"0\" hspace=\"2\" \/>Seit \u00fcber 50 Jahren sind wir der faire Partner f\u00fcr Wellness- und Freizeiteinrichtungen in Ihrem Hause oder Garten.\r\n\r\nSie tr\u00e4umen von einem Swimmingpool, einem Whirlpool, einer Sauna, einem Dampfbad oder einem zauberhaft angelegtem Garten- oder Schwimmteich, wir als Ihr kompetenter Partner mit Know-How und Flexibelit\u00e4t lassen Tr\u00e4ume wahr werden.","_et_gb_content_width":""},"_links":{"self":[{"href":"https:\/\/test.schwimmbadtechnikwitte.de\/index.php?rest_route=\/wp\/v2\/pages\/2"}],"collection":[{"href":"https:\/\/test.schwimmbadtechnikwitte.de\/index.php?rest_route=\/wp\/v2\/pages"}],"about":[{"href":"https:\/\/test.schwimmbadtechnikwitte.de\/index.php?rest_route=\/wp\/v2\/types\/page"}],"author":[{"embeddable":true,"href":"https:\/\/test.schwimmbadtechnikwitte.de\/index.php?rest_route=\/wp\/v2\/users\/1"}],"replies":[{"embeddable":true,"href":"https:\/\/test.schwimmbadtechnikwitte.de\/index.php?rest_route=%2Fwp%2Fv2%2Fcomments&post=2"}],"version-history":[{"count":4,"href":"https:\/\/test.schwimmbadtechnikwitte.de\/index.php?rest_route=\/wp\/v2\/pages\/2\/revisions"}],"predecessor-version":[{"id":73,"href":"https:\/\/test.schwimmbadtechnikwitte.de\/index.php?rest_route=\/wp\/v2\/pages\/2\/revisions\/73"}],"wp:attachment":[{"href":"https:\/\/test.schwimmbadtechnikwitte.de\/index.php?rest_route=%2Fwp%2Fv2%2Fmedia&parent=2"}],"curies":[{"name":"wp","href":"https:\/\/api.w.org\/{rel}","templated":true}]}}